= 3*c(v) + 4*x(v). Let m be o(-3). List the prime factors of (-48)/(-21) + m/7.
2
Let n(o) be the third derivative of -1/24*o**4 + 0 + 13/6*o**3 + o**2 + 0*o. List the prime factors of n(0).
13
Let l be 7 - 2 - 1*2. Let v(k) = k + 3. What are the prime factors of v(l)?
2, 3
Let l(r) = -r + 8. List the prime factors of l(5).
3
Suppose 0*z + 20 = 3*z - a, -5*z + 39 = 4*a. Suppose 3 - z = -s, 83 = 5*m - 3*s. What are the prime factors of m?
19
Let q(u) = 2*u. Let d(a) be the third derivative of a**5/20 + a**4/24 + 2*a**2. Let v be d(-1). List the prime factors of q(v).
2
Let h(w) = -160*w. Let s be h(-1). Suppose -s = k - 5*k. Suppose -4*v - n + 16 = -3*v, 5*n + k = 5*v. What are the prime factors of v?
2, 3
Let t = 1 + -5. Let h(i) = -2*i**2 - 10*i - 1. List the prime factors of h(t).
7
Let s(c) = -27*c**2 - 1. Let g be s(-1). List the prime factors of 2/8 - 497/g.
2, 3
What are the prime factors of 8/(-60)*-5*123?
2, 41
Let c = -5 + 8. Suppose u + 3*u = 0. Suppose -3*l - l = u, -c*h + 48 = -3*l. What are the prime factors of h?
2
Let p(x) = 4*x**2 - 2*x**2 - 1 - 2*x + 2*x**2. Let z be p(4). Suppose -3*b - 2*b + z = 0. List the prime factors of b.
11
Let s(h) = -h**3 - 6*h**2 - h - 7. Let a be s(-6). What are the prime factors of (a/3)/((-3)/99)?
11
Suppose 5 = 3*f - 52. What are the prime factors of f?
19
List the prime factors of ((-1)/8 - 185/(-8))*11.
11, 23
Suppose -26 = 3*g - g + 3*a, -2*g = -5*a + 10. Let r(d) = -2*d - 17. List the prime factors of r(g).
3
Let r = -3 + 6. Let b be 4/r - 2/(-3). Suppose -2*v + 5*y = 9 - 49, -b*y = v - 2. What are the prime factors of v?
2, 5
Suppose -d + 108 = 2*d. Let t = d + -18. List the prime factors of t.
2, 3
Let j = 70 + -24. What are the prime factors of j?
2, 23
Let s = 1 + 36. List the prime factors of s.
37
Let s(n) = 3*n - 1. Let z be s(-5). Let f be (0 + 2)*-5 + 2. Let y = f - z. List the prime factors of y.
2
Let m be ((-2)/(-5))/((-1)/(-5)). What are the prime factors of ((-1)/m)/((-3)/42)?
7
Suppose 2*h = -3*z + 87, 29 = z - h - 0*h. Suppose 0 = 5*v, 4*v = 3*a - z + 2. List the prime factors of a.
3
Let d(i) = 3*i**3 + 10*i - 2*i**3 + 2*i**2 + 7*i**2. Let x be d(-7). Suppose 4*q - 4*c = x, 4*q + 0*c - 5*c - 28 = 0. What are the prime factors of q?
7
Let j(k) = 8*k - 14. List the prime factors of j(4).
2, 3
Suppose 6*r = r + 5. Suppose 3*u - 13 = -r. Suppose 4*h - u = 2*h - 5*q, -5*h - q = -10. List the prime factors of h.
2
Let h(l) = -8*l. Suppose 0*q = 5*q - 10. Suppose 10 = -5*b + 2*y, 3*b + 1 + 5 = -q*y. List the prime factors of h(b).
2
Let r = 99 - 53. List the prime factors of r.
2, 23
Suppose -3*x - 52 = 4*n - 609, 2*n + 2*x - 278 = 0. List the prime factors of n.
2, 5, 7
Suppose -r = 4*a - 111, -a + 2*r = 3*r - 27. List the prime factors of a.
2, 7
Suppose -2 = 2*t - 10. Suppose 3*r + 17 = 2*v, 0*v + v - 2*r - 8 = 0. List the prime factors of (-3 + v/t)*-30.
3, 5
Let w(j) be the third derivative of 0 + 0*j + 7/6*j**3 - 1/24*j**4 + 3*j**2. List the prime factors of w(-7).
2, 7
Suppose 3 = -3*n - 0. Let y(i) = -17*i**3 + i**2 - i - 1. What are the prime factors of y(n)?
2, 3
List the prime factors of (-76 - 10/(-2))/(1/(-2)).
2, 71
Let c(t) = -2*t**2 + 4*t - 2. Let h be c(2). Suppose 3*s = 4*x + 21, -s + 3 = -x + 2*s. Let v = h - x. What are the prime factors of v?
2
Let h(k) = k**3 + 6*k**2 - 6*k + 9. Let z be h(-7). Let j be 2 - 1/z*-2. List the prime factors of -6*(-1 - j/(-9)).
2
Let y(s) = -s**3 - 7*s**2 + 6*s - 11. Let c be y(-8). Suppose 0 = c*d + o - 18, d + d = -5*o - 2. What are the prime factors of d?
2
Suppose -w = 2*j - 5*w + 20, -3*j - 5*w = 74. Let a = 35 + j. What are the prime factors of a?
17
Let g = -10 - -16. Let s be (-22)/(-6) - (-8)/24. Let d = s + g. What are the prime factors of d?
2, 5
Suppose 4*o - t = 0, 2*t - 8 = 4*t. Let x be (-6)/(-2) - 0/o. Suppose -l - 20 = -x*l. List the prime factors of l.
2, 5
Let c = -22 + 37. Suppose 0 = 2*g + g - c. What are the prime factors of g?
5
Let l(z) = 44*z**3 + z**2 - z + 1. Let b be l(1). Let h = b - 16. Let m = h - 14. List the prime factors of m.
3, 5
Let g(o) = 3*o - 3. List the prime factors of g(5).
2, 3
Suppose 1 = -2*h + 5. List the prime factors of h/2 - 1*-15.
2
Let f(c) = -c. Let r(h) = -h + 3. Let w be r(-3). Suppose 2*b + w = b. List the prime factors of f(b).
2, 3
Let h(f) = -f - 8. Let w be h(-11). Suppose -w*p - 4*i = -29, 4*i = 4*p - 0*i - 76. What are the prime factors of p?
3, 5
Let f(r) = -12*r**3 + r**2 - r - 2. Let t be f(-2). Suppose -t = -4*y - m - 3*m, 5*y - 153 = 2*m. What are the prime factors of y?
29
Let g(z) = z + 16. Let p be g(0). Suppose 3*r - 69 = -3*h, -2*h = -2*r + 22 + p. List the prime factors of r.
3, 7
Let n(b) = -3*b - 3. Let u be n(-4). Let v(l) = 4*l. List the prime factors of v(u).
2, 3
Let i(d) = -d**2 + 3*d - 2. Let o be i(5). Let x = o - -27. List the prime factors of x.
3, 5
Suppose -3*a - 32 = -7*a. Let z = a + -3. List the prime factors of z.
5
Let h(a) = 4*a - 3*a + a**2 + 3*a**2. What are the prime factors of h(-2)?
2, 7
List the prime factors of (280/(-6))/(80/(-15) - -5).
2, 5, 7
Suppose 5*u = 2*z, 0 = 3*z - 4*z - 2*u. Suppose -3*n - 4*d + 30 + 60 = 0, z = d + 3. List the prime factors of n.
2, 17
Suppose -1890 = 16*i - 26*i. What are the prime factors of i?
3, 7
Let k(f) be the first derivative of f**2 + 8*f + 6. What are the prime factors of k(7)?
2, 11
Suppose s = -2*g - 0*s + 13, -4 = g - 3*s. Suppose 5*n - 67 = 2*i, -3*i - 79 + 16 = -g*n. What are the prime factors of n?
3, 5
Let o(b) = -b**2 - 5*b - 2. Let w be o(-5). Let g be w/(((-1)/(-3))/(-1)). What are the prime factors of 69/6 + 3/g?
2, 3
Suppose 3*d = -0*d - 15. Let t be d - (2 + 0 + -3). Let o = 3 - t. What are the prime factors of o?
7
Let w = 86 - 21. Suppose 0 = -4*b + 225 - w. List the prime factors of b.
2, 5
Suppose -5*u + 0 - 10 = 0. Let b = 6 + u. Let n(w) = 3*w. What are the prime factors of n(b)?
2, 3
Let b(m) be the second derivative of -m**5/20 + m**4/3 + m**3/6 - m**2 + m. Let r be b(4). List the prime factors of r - (-8 - (-3 - -2)).
3
Let i(y) = 5*y**3 - y**2 - 6*y + 7. List the prime factors of i(3).
5, 23
Suppose v - 6 = -4*z - v, -z - 3 = 5*v. Suppose 0*k = z*k - 48. What are the prime factors of k?
2, 3
Let r = 261 + -178. List the prime factors of r.
83
Suppose 0 = c - 3*c + 34. What are the prime factors of c?
17
Suppose -4*i - 2*f = -3*i - 34, -3*f = i - 34. What are the prime factors of i?
2, 17
Suppose 4*c - 2 = 3*c. Let a(y) = 2*y**2 + 26*y + 4. Let o be a(-13). Suppose c*x = o*b - 3 + 7, 0 = 5*b. What are the prime factors of x?
2
Let i = -124 + 186. List the prime factors of i.
2, 31
Suppose 2*g + 23 = -3*s, 0 = -2*s - 3*g - 0 - 12. Let p(l) = l**3 + 10*l**2 + 10*l + 11. What are the prime factors of p(s)?
2
Suppose d + 0*d = -3*s + 5, -2*s = -d + 5. Suppose -o - 3*o + 140 = s. List the prime factors of o.
5, 7
Let a(q) = -19*q. Suppose -11*m + 6*m = 5. What are the prime factors of a(m)?
19
Let a(k) = k**3 + 13*k**2 - 15*k - 10. Let p be a(-14). Suppose p*y = y + 84. List the prime factors of y.
2, 7
Let g be -2 - 0 - (-3 + -34). Suppose 2*n = 3*x + 21, -3*n + x + 0*x = -g. List the prime factors of n.
2, 3
Let a(v) = 4*v**2 + 3. Let l be a(-3). Let x = l - 21. Let d = x + -6. List the prime factors of d.
2, 3
What are the prime factors of 0 + -1 - 220/(-5)?
43
Suppose 4*t - 3*a + 50 = -177, -4*t + a - 225 = 0. What are the prime factors of -4 - (-1)/((-1)/t)?
2, 13
Let b = 75 - 50. Let n(j) = -49*j - 1. Let c be n(-1). Suppose -b = 5*w, w = 2*s + 17 - c. List the prime factors of s.
13
Let m(l) = l**3 - 6*l**2 - 2*l - 4. Let o(n) = -n - 1. Let k(c) = m(c) - o(c). Let w be k(6). Let z = w - -14. List the prime factors of z.
5
Suppose -o = f - 288, 4*o + 3*f - 1062 = 85. List the prime factors of o.
283
Suppose -4*g = -3*g - 5. List the prime factors of g.
5
Let p(r) = 6*r**3 + 2*r**2 - 2*r - 1. List the prime factors of p(2).
3, 17
Suppose h = 6*b - 3*b + 15, 4*h - 4*b = 28. List the prime factors of h.
3
Suppose b - 37 = 27. What are the prime factors of b?
2
Suppose 2*m + 0 = 8. Suppose -5 = -5*a, 4*a + 0*a = -p + m. Suppose -4*x + 3*c + 4 = p, 6*c - 40 = -5*x + c. What are the prime factors of x?
2
Let o(x) = -x**3 + 6*x**2 - 6*x - 1. Let i be o(5). What are the prim